 prime factors of 164214164.
2, 907, 45263
List the prime factors of 77913404.
2, 47, 414433
List the prime factors of 30032926.
2, 7, 11, 17729
What are the prime factors of 7973340241?
23, 346666967
What are the prime factors of 3375222966?
2, 3, 19, 3289691
What are the prime factors of 114725147?
114725147
List the prime factors of 313616899.
397, 789967
List the prime factors of 5127023739.
3, 769, 2222377
What are the prime factors of 5235273041?
23, 79, 2881273
List the prime factors of 275652353.
275652353
List the prime factors of 196033459.
59, 673, 4937
What are the prime factors of 198837430?
2, 5, 11, 61, 29633
List the prime factors of 536041799.
536041799
What are the prime factors of 518446802?
2, 259223401
What are the prime factors of 4236994323?
3, 470777147
What are the prime factors of 73396534?
2, 71, 516877
What are the prime factors of 4750047?
3, 139, 3797
What are the prime factors of 90936592?
2, 5683537
What are the prime factors of 104292244?
2, 7, 131, 28433
What are the prime factors of 11110672?
2, 41, 16937
List the prime factors of 1520496295.
5, 47, 967, 6691
What are the prime factors of 107405854?
2, 409, 131303
What are the prime factors of 686786597?
7, 19, 737687
What are the prime factors of 1411498967?
17, 6763, 12277
List the prime factors of 111278157.
3, 37092719
What are the prime factors of 308442069?
3, 13, 149, 1361
List the prime factors of 4941090.
2, 3, 5, 7, 11, 23, 31
List the prime factors of 166125672.
2, 3, 173, 13337
What are the prime factors of 30147628?
2, 7, 41, 26261
What are the prime factors of 921427737?
3, 53, 83, 69821
What are the prime factors of 4558496212?
2, 17, 71, 944179
List the prime factors of 26907244.
2, 7, 13, 29, 2549
What are the prime factors of 262495690?
2, 5, 26249569
What are the prime factors of 244146842?
2, 122073421
List the prime factors of 179458973.
4483, 40031
What are the prime factors of 174187915?
5, 11, 19, 31, 283
What are the prime factors of 9236885?
5, 7, 263911
List the prime factors of 2004286246.
2, 509, 617, 3191
What are the prime factors of 896828203?
2819, 318137
List the prime factors of 4506586199.
37, 121799627
What are the prime factors of 2073418696?
2, 197, 1315621
List the prime factors of 8748950989.
18047, 484787
What are the prime factors of 795892646?
2, 29, 89, 154183
List the prime factors of 380827969.
167, 2280407
What are the prime factors of 623028212?
2, 83, 113, 16607
List the prime factors of 5019714878.
2, 127, 19762657
What are the prime factors of 1607877527?
17, 19, 31, 160579
List the prime factors of 445846923.
3, 611587
What are the prime factors of 6118401030?
2, 3, 5, 7, 37, 787439
What are the prime factors of 170332519?
7, 24333217
What are the prime factors of 2486250622?
2, 29389, 42299
List the prime factors of 745244066.
2, 7, 131, 406349
List the prime factors of 49963386.
2, 3, 11, 641, 1181
What are the prime factors of 1227757903?
19, 263, 277, 887
What are the prime factors of 4061511194?
2, 13, 337, 463537
List the prime factors of 1897185669.
3, 17, 37199719
List the prime factors of 524100466.
2, 262050233
What are the prime factors of 54817678?
2, 27408839
What are the prime factors of 21166042?
2, 10583021
List the prime factors of 1654003503.
3, 61259389
List the prime factors of 64040561.
13, 269, 18313
List the prime factors of 63469655.
5, 12693931
List the prime factors of 54455459.
2971, 18329
What are the prime factors of 81645551?
13, 113, 55579
What are the prime factors of 32391751?
7, 19, 23, 10589
List the prime factors of 773239705.
5, 7, 41, 569, 947
List the prime factors of 30318272.
2, 473723
What are the prime factors of 88894295?
5, 7, 199, 12763
What are the prime factors of 485144200?
2, 5, 271, 8951
List the prime factors of 2470664943.
3, 19, 59, 81629
List the prime factors of 93725409.
3, 31241803
List the prime factors of 2925093681.
3, 19, 59, 96643
List the prime factors of 804467610.
2, 3, 5, 1049, 8521
List the prime factors of 280884067.
280884067
List the prime factors of 2265683886.
2, 3, 172663
List the prime factors of 707446882.
2, 37, 41, 233173
List the prime factors of 408891069.
3, 1879, 24179
List the prime factors of 23081742.
2, 3, 23, 127, 439
What are the prime factors of 51369618?
2, 3, 8561603
What are the prime factors of 164832963?
3, 54944321
List the prime factors of 3579010712.
2, 53, 73, 115631
What are the prime factors of 91807798?
2, 5101, 8999
What are the prime factors of 7441680416?
2, 557, 417509
List the prime factors of 144846840.
2, 3, 5, 103, 11719
What are the prime factors of 11792230?
2, 5, 1179223
What are the prime factors of 3165835915?
5, 11, 57560653
What are the prime factors of 609201741?
3, 1531, 132637
List the prime factors of 169288838.
2, 37, 2287687
List the prime factors of 512585867.
61, 1303, 6449
List the prime factors of 85767949.
85767949
List the prime factors of 80313853.
80313853
List the prime factors of 5512111.
11, 23, 21787
What are the prime factors of 269850638?
2, 134925319
List the prime factors of 1572432347.
457, 3440771
List the prime factors of 251777949.
3, 19, 73, 60509
List the prime factors of 188465321.
11, 17133211
What are the prime factors of 37713804?
2, 3, 29, 37, 101
List the prime factors of 6550278787.
13, 12109, 41611
List the prime factors of 130130953.
53, 599, 4099
List the prime factors of 55603440.
2, 3, 5, 29, 2663
List the prime factors of 2729963.
191, 14293
List the prime factors of 2691435.
3, 5, 179429
List the prime factors of 32748525.
3, 5, 145549
What are the prime factors of 676322880?
2, 3, 5, 41, 17183
List the prime factors of 1377723860.
2, 5, 17, 37, 109517
What are the prime factors of 3968214149?
101, 293, 134093
What are the prime factors of 403203873?
3, 134401291
What are the prime factors of 562263931?
113, 4975787
List the prime factors of 38775822.
2, 3, 857, 7541
What are the prime factors of 321875146?
2, 160937573
List the prime factors of 76398598.
2, 137, 278827
What are the prime factors of 1558166342?
2, 779083171
List the prime factors of 736384498.
2, 7349, 50101
List the prime factors of 5762049143.
31, 185872553
List the prime factors of 2113485563.
7, 1511, 199819
List the prime factors of 161779477.
101, 1601777
List the prime factors of 47620974.
2, 3, 7936829
List the prime factors of 373395467.
19, 167, 117679
What are the prime factors of 1056083565?
3, 5, 53, 1328407
What are the prime factors of 27681889?
479, 57791
List the prime factors of 339667317.
3, 11, 1143661
List the prime factors of 47314516.
2, 11828629
List the prime factors of 4682265550.
2, 5, 509, 183979
List the prime factors of 1043327987.
13, 127, 631937
List the prime factors of 3422029618.
2, 7, 19, 59, 218047
What are the prime factors of 260133726?
2, 3, 23, 1103, 1709
List the prime factors of 22555092.
2, 3, 7, 89, 431
List the prime factors of 217868461.
139, 347, 4517
List the prime factors of 3451576450.
2, 5, 7, 37, 179, 1489
List the prime factors of 39398085.
3, 5, 875513
List the prime factors of 3708423220.
2, 5, 4421, 41941
List the prime factors of 273496511.
273496511
List the prime factors of 1458817949.
1458817949
List the prime factors of 651970239.
3, 217323413
List the prime factors of 385046447.
17, 97, 239, 977
What are the prime factors of 868454360?
2, 5, 3119, 6961
What are the prime factors of 3091294810?
2, 5, 47, 577, 11399
What are the prime factors of 1332819769?
3257, 409217
What are the prime factors of 478050347?
109, 4385783
What are the prime factors of 1066394094?
2, 3, 37, 193, 24889
List the prime factors of 265251807.
3, 2377, 4133
What are the prime factors of 139406394?
2, 3, 23234399
What are the prime factors of 131888142?
2, 3, 17, 143669
What are the prime factors of 801343437?
3, 23, 107, 311, 349
What are the prime factors of 558017858?
2, 23, 2089, 5807
List the prime factors of 75900703.
1427, 53189
What are the prime factors of 2459178951?
3, 557, 1471681
What are the prime factors of 2340123114?
2, 3, 7, 61, 913397
What are the prime factors of 199955845?
5, 39991169
List the prime factors of 4046749683.
3, 17, 67, 1184299
What are the prime factors of 426477210?
2, 3, 5, 421, 33767
List the prime factors 